+ z)*-1)/1. What is the greatest common divisor of h and 5?
1
Let t = -143 + 248. Suppose 20 = b + v, 0*b + 3*v = b. What is the greatest common divisor of t and b?
15
Suppose 3*y - 3*i = 24, 3*y - 4*i - 24 = 4. Let o(m) = 3*m**2 + 3*m. Let l be o(y). What is the highest common divisor of 24 and l?
12
Suppose 0 = 4*y - c - 16, -16 = -0*y - 4*y + 2*c. What is the highest common factor of y and 2?
2
Let w be (-10)/2*2/(-1). Suppose 21*i = 22*i - 25. Let m be (-20)/i*-1*w. Calculate the greatest common divisor of m and 56.
8
Let t be 15/(-2)*(-220)/15. What is the greatest common divisor of 22 and t?
22
Suppose -p + 3*b + 111 = 0, -p + b = -b - 107. Calculate the greatest common divisor of p and 9.
9
Let l = 417 + 51. Calculate the highest common factor of 52 and l.
52
Suppose -3*s = s - 3*u - 180, s = -5*u + 68. What is the highest common divisor of 4 and s?
4
Suppose -5*f = -3 - 17. What is the highest common factor of f and 32?
4
Let c(w) = 2*w + 4*w - 4 - 7*w - 5*w. Let m be c(-4). What is the greatest common divisor of 2 and m?
2
Let k(i) = 3*i - 1 + 13*i + 1 - 2. Let u be k(7). What is the highest common divisor of 10 and u?
10
Let j = -40 - -72. What is the greatest common divisor of j and 16?
16
Let s be 11898/(-99) - (-2)/11. Suppose 0*t = -t - 12. Let j = t - s. What is the greatest common divisor of 12 and j?
12
Let j be (-2 - 30/(-9))/((-4)/(-138)). Calculate the greatest common factor of 46 and j.
46
Let r = 103 - 34. Suppose 4*x = -r + 465. Let s be (22/(-6))/((-6)/18). What is the highest common factor of x and s?
11
Suppose -3*i - 15 + 3 = 0, -2*t = 3*i - 26. Calculate the greatest common divisor of t and 38.
19
Let b = 213 - 89. Calculate the greatest common factor of b and 31.
31
Let a(h) = -2*h**2 + 20. Let y be a(0). What is the highest common divisor of y and 220?
20
Let y be (2 - -37)/((-9)/(-15)). What is the greatest common divisor of y and 5?
5
Let m = -37 + 76. Calculate the greatest common factor of m and 26.
13
Suppose 15*n - 1845 = 10*n. What is the highest common divisor of n and 41?
41
Suppose 5*t + 4*f - 130 = -f, 23 = t - 2*f. Let o = -23 - -33. Calculate the greatest common factor of t and o.
5
Let q(t) = -3*t - 26. Let o be q(-11). Calculate the greatest common divisor of 7 and o.
7
Let h(d) = 3*d**3 + 2*d**2 - 2*d - 5. Let z be h(3). What is the highest common divisor of z and 8?
8
Let t(b) be the first derivative of b**4/4 - b**3/3 + b**2/2 + 8*b - 3. Let i be t(0). Calculate the greatest common divisor of 32 and i.
8
Let p be 20/3*(-2 - -5). Let d be 2/7 - p/(-28). Calculate the greatest common divisor of 9 and d.
1
Suppose 0 = -3*f + 9 - 3. What is the greatest common divisor of 18 and f?
2
Let c be 1 - (-16 - (-2 - -2)). Let g(w) = 18*w**2 - 1. Let n be g(-1). What is the highest common factor of n and c?
17
Let a(q) = 20*q - 1 + 3*q - 5 - 5. Let v be a(11). What is the greatest common divisor of v and 22?
22
Let l(v) = v**3 - 21*v**2 + 20*v + 36. Let x be l(20). Calculate the highest common factor of 18 and x.
18
Let j = 22 - 26. Let p(a) = a**2 + 2*a + 4. Let l be p(j). Calculate the greatest common divisor of 96 and l.
12
Let b = -7 - -11. Let a(f) = -f**3 - 7*f**2 - 2*f + 6. Let u be a(-7). What is the highest common divisor of b and u?
4
Suppose -j + 6*j = 1185. Let b be (-21)/(-35) + j/5. What is the highest common factor of b and 12?
12
Let l(d) = 4 - 1 - 308*d**3 + d - 2 + d**2. Let x be l(-1). Suppose 5*h = -o + 732, -3*h + 5*o = -h - x. Calculate the greatest common divisor of 21 and h.
21
Let o = -1012 - -1562. Calculate the greatest common divisor of 50 and o.
50
Let q(u) = -u**2 + 8*u + 7. Let h be q(7). What is the greatest common divisor of 35 and h?
7
Let c(y) = -7*y**3 + y**2 + 3*y + 2. Let k be c(-1). What is the highest common divisor of k and 7?
7
Let t be 1*8 - (3 - 0). Let r(f) = 0*f**2 + 2*f**2 - 1 + t*f + 0*f. Let i be r(-4). Calculate the greatest common divisor of 55 and i.
11
Suppose 3*r - 4*r = -26. Suppose -13 - r = -3*g. Let y be (11 + -2 + 4)*3. What is the highest common divisor of g and y?
13
Let y(c) = -c**2 + 7*c + 8. Let s be y(6). Calculate the highest common factor of s and 35.
7
Let z = 5 - -2. Calculate the highest common factor of z and 28.
7
Let g(r) = -3*r**2 - 1 - 10*r - 3 - 4 + 2*r**2. Let w be g(-7). What is the greatest common divisor of 26 and w?
13
Let i be -75*(10/(-3) + 3). What is the highest common factor of 50 and i?
25
Let k(f) = -10*f. Let z(r) = 2*r + 3. Let q be z(-4). Let n be k(q). Suppose 0*c - n = -2*c. Calculate the highest common divisor of c and 10.
5
Let m(q) = 2*q - 7. Let t be m(7). Let k = -108 - -164. Calculate the highest common factor of t and k.
7
Suppose -2*j + 5 = 1. Let n be (-1)/j - 271/(-2). Calculate the greatest common factor of n and 15.
15
Let v be (126/(-35))/(-1 + 74/80). Calculate the greatest common divisor of v and 24.
24
Let x = 132 + -52. Calculate the greatest common divisor of x and 10.
10
Let m be (0 - -2)/((-3)/6). Let o = m + 9. Calculate the greatest common factor of o and 10.
5
Suppose 2*m - 142 = 34. Calculate the highest common factor of 8 and m.
8
Let q be (-16)/5 - 6/(-30). Let f = 5 - q. What is the highest common factor of f and 8?
8
Suppose -t = -y + 31, 0 = -5*y + 3*t + 86 + 61. Calculate the highest common factor of y and 54.
27
Suppose -5*u + 34 + 126 = 0. Let o = u + -24. Calculate the greatest common divisor of o and 4.
4
Let g(f) = -11*f + 4. Let o(l) = 4*l - 1. Let n(t) = 3*g(t) + 8*o(t). Let x be n(0). What is the greatest common factor of 36 and x?
4
Suppose 14*p - 9*p - 65 = 0. What is the greatest common factor of 39 and p?
13
Let f(g) = 5*g + 14. Let t be f(10). Suppose 0 = -0*a - 2*a + t. Calculate the highest common factor of a and 256.
32
Let x = -46 + 56. Calculate the greatest common divisor of x and 20.
10
Let i(h) = 100*h**2 - h - 1. Let g be i(-1). What is the highest common factor of 10 and g?
10
Suppose -2*a + 196 - 16 = 0. What is the greatest common factor of a and 10?
10
Let a be -8 + 1*4/2. Let l be 14*-2*a/8. What is the greatest common divisor of 14 and l?
7
Let w be 446/14 - (-8)/56. Suppose -w = -0*g - g. Calculate the highest common factor of g and 128.
32
Suppose 4*u + 10 = 5*u. Calculate the greatest common factor of 50 and u.
10
Let s be (-25)/(-3) + (-8)/(-12). What is the highest common divisor of 63 and s?
9
Let x = 28 + -20. Calculate the highest common divisor of 56 and x.
8
Let w be (-3)/6 + 3 + 2625/6. What is the greatest common divisor of 40 and w?
40
Let t be (-81)/(3/((-6)/2)). Suppose -1 - 15 = -4*m. Let a be (-2)/(-4) + 34/m. What is the greatest common factor of a and t?
9
Suppose -9*p + 18*p = 648. What is the highest common divisor of p and 9?
9
Let v(p) = p**2 - 9*p - 8. Let y be v(10). Suppose -237 + 75 = -y*h. What is the highest common divisor of h and 9?
9
Let k(p) = 178*p**2 + 6*p - 4. Let b be k(1). What is the greatest common divisor of b and 15?
15
Let q(x) = 11*x**2 - 3*x + 8. Let f(p) = -3*p**2 + p - 2. Let t(d) = -9*f(d) - 2*q(d). Let v be t(-3). What is the greatest common divisor of v and 8?
8
Let j be 26/2 + 2*3/(-6). Calculate the highest common factor of j and 6.
6
Let b = 40 + -6. What is the greatest common divisor of b and 85?
17
Suppose -86 = -m + y, 4*y = -0*m + 5*m - 428. Calculate the highest common divisor of m and 21.
21
Let r be 4/10*(-10 - -80). Calculate the highest common factor of 4 and r.
4
Let k(p) = -p**2 - 13*p + 4. Let d be k(-9). Calculate the highest common factor of d and 60.
20
Suppose 0*l - 5*l = -4*h - 161, -h = l - 34. What is the greatest common divisor of 11 and l?
11
Suppose -150 = 5*s - 2*c + 335, -3*c = -5*s - 490. Let k = 161 + s. Calculate the greatest common factor of 6 and k.
6
Let j = -311 + 545. Let x be (-4)/6 + j/27. What is the greatest common divisor of x and 24?
8
Let d be ((-48)/64)/(1/(-48)). Calculate the greatest common divisor of d and 4.
4
Let r = 26 - 20. Calculate the greatest common factor of r and 6.
6
Let s = 16 - 16. Suppose 5*j + 5*h - 127 = 4*h, s = -4*j - 2*h + 104. What is the greatest common factor of j and 5?
5
Let a be 1/(-1) - (0 + -91). Suppose 3*c = c + 4*t + 90, 5*c + 2*t = 165. Suppose c = 5*d - 55. What is the highest common divisor of d and a?
18
Let f(x) = 4*x - 3. Le